. Let q be h(8). Let b = -125 + 119. Let u be b*(8/(-6) - q). Calculate the greatest common factor of u and 1.
1
Let d(f) = 14*f**2 - 32*f - 14. Let j be d(7). Calculate the highest common divisor of 16 and j.
16
Let f be 3/(-3)*(-52)/2. Let w = 16 + -15. Let a be (-156)/(-8)*(1 + w). What is the greatest common divisor of f and a?
13
Suppose -28 = -5*d - 4*b - 2, -33 = -5*d + 3*b. Suppose d*q + 422 = 7*q. Let j be q/12 - (-1)/(-6). What is the greatest common factor of 14 and j?
7
Let g(b) = 2*b**2 + 22*b + 15. Let k = 53 - 64. Let u be g(k). What is the greatest common divisor of u and 75?
15
Suppose 3*f - 3*x - 213 = 0, -f = -3*f + 3*x + 144. Let j = f - 47. Let y = -37 + 92. Calculate the greatest common factor of j and y.
11
Let k = -62 - -102. Let q be (-1)/(4/5 - 1). Suppose -q*l + 24 = -16. What is the greatest common divisor of k and l?
8
Suppose 7*y = -7*y + 140. Suppose -v = a - 2*a - 3, -3*a - 5 = -2*v. Let c be (-270)/4*v/(-3). What is the highest common factor of y and c?
10
Let u(n) = -n**2 + 16*n + 1. Let j be u(13). Let t = j + -38. What is the highest common divisor of t and 2?
2
Let s(w) = -w**3 + 7*w**2 - w + 8. Let j be s(7). Let x be (j + 12/4)*2. Suppose 558 = 5*f + x. Calculate the highest common divisor of f and 11.
11
Let r = -1637 + 1659. Calculate the greatest common factor of r and 253.
11
Suppose 5*p - 4*a = 179, -5*a + a = 5*p - 211. Let x be 65 + (-1 + 2)*0. Calculate the highest common factor of p and x.
13
Let w = -30 + 33. Suppose 4*p = -20, -2*p + 163 - 707 = -w*v. Suppose -v - 62 = -5*c + 5*u, 3*u + 6 = 0. What is the greatest common factor of c and 115?
23
Let x(f) = 18*f**2. Let d be x(-1). Suppose 0 = 2*a + w - 436 + 111, 4*a - 653 = -5*w. What is the greatest common divisor of a and d?
18
Let n be ((-32)/(-6))/(42/2079). Calculate the greatest common factor of 77 and n.
11
Let f(k) = -2*k**2 - 2*k + 6. Let s be f(5). Let d = 78 + s. Suppose -3*n + 0 + 36 = 5*l, -3*l - 36 = -3*n. Calculate the greatest common factor of n and d.
12
Let x be (-88)/66 - (-2356)/12. Calculate the highest common factor of 30 and x.
15
Let v be 24/((2 + 3)/(-5)). Let g = -23 - v. Calculate the highest common divisor of 3 and g.
1
Suppose -77 = -6*r + 175. Calculate the highest common divisor of 42 and r.
42
Suppose -28*l + 9*l + 3553 = 0. Calculate the highest common factor of l and 17.
17
Let d be (972/42)/((-7)/(-49)). Calculate the highest common factor of d and 27.
27
Let j = -93 - -189. Let v be ((-19)/4 + (-3)/(-4))*-8. Calculate the highest common factor of j and v.
32
Let b(m) = m**3 - 15*m**2 + 72. Let p be b(16). What is the greatest common divisor of p and 16?
8
Suppose -2*f - 180 = -4*f. Suppose -n - n = -20. What is the highest common factor of n and f?
10
Let h(l) = 30*l**2 + 7*l + 4. Let n be h(-4). Let d be n/(-4)*(-8)/6. Calculate the greatest common factor of d and 19.
19
Let l = -243 + 307. What is the greatest common divisor of l and 20?
4
Suppose 0 + 36 = 3*x. Let h = x - 9. Suppose -3*k + 3*f + 18 = 0, -25 = -h*k + 3*f - 7*f. Calculate the highest common factor of k and 14.
7
Let n = 632 + -563. What is the highest common divisor of 115 and n?
23
Let x be (0 - (-6)/4)*(667 + -211). What is the highest common divisor of x and 12?
12
Suppose 2*x - 5*v = 187, -x - 4*v = x - 142. What is the greatest common factor of 9 and x?
9
Let z = -1584 - -1686. Calculate the greatest common divisor of 663 and z.
51
Let a = 158 - 110. What is the greatest common divisor of a and 120?
24
Let u(l) be the second derivative of -l**4/12 + 2*l**3/3 - 3*l. Let m be u(12). Let x = m - -211. What is the greatest common factor of x and 46?
23
Let p be (-51)/15 - 14/(-35). Let h be (-322)/p + 8/12 + 0. Calculate the greatest common factor of h and 27.
27
Let s = 1241 - 1217. Calculate the highest common factor of 48 and s.
24
Suppose -246 = -33*f - 48. What is the greatest common divisor of 45 and f?
3
Let l = 131 - 118. Let r(y) = 11*y + 44. Let h be r(l). Calculate the highest common divisor of h and 17.
17
Suppose 3*d - 4*a = -266 + 656, -a = 5*d - 650. What is the highest common factor of 26 and d?
26
Let m = -32 + 45. Let b(n) = 5*n + 3*n + 1 - 10*n. Let x be b(-6). What is the highest common factor of m and x?
13
Let r be 11*1/(3/(-192 - 0)). Let x = -379 - r. What is the greatest common factor of x and 25?
25
Let m = 1 - 0. Let g = -164 - -220. Let o be 3/(-5) + g/10. What is the highest common factor of m and o?
1
Let n be 8/(-12) + (8500/(-12))/(-5). What is the highest common divisor of n and 376?
47
Let j(u) = -u - 15. Let p be j(-19). Suppose 3*b = -3*l + 21, -4*b + 5*l + 14 = p. Calculate the highest common divisor of b and 10.
5
Let i = -52 - -61. Let b be (-14)/21 - (-42)/i. Calculate the greatest common divisor of b and 12.
4
Let i = 233 + -149. Calculate the highest common factor of 52 and i.
4
Let s be (-3)/(-4) + 387/12. Let g = 19 + s. What is the highest common factor of 78 and g?
26
Suppose -5*w + 6*w - 85 = 0. Suppose -12*i + w = -251. Calculate the greatest common factor of 224 and i.
28
Suppose -3*d + 39 - 12 = 0. What is the greatest common factor of d and 1?
1
Suppose 6*j - 8 = 4*j, -2*b + 5*j - 10 = 0. Suppose b*h = 148 - 48. Suppose -3*u + h = 8. Calculate the highest common factor of 4 and u.
4
Let s = -92 + 14. Let p = s + 80. Calculate the greatest common divisor of 8 and p.
2
Suppose -3*l + j + 162 = 2*l, -4*l - j = -126. Suppose -4*x + 200 = 4*a, 0*a + 92 = 2*a - 2*x. Calculate the highest common divisor of l and a.
16
Let i = 127 - 59. Let f = 116 - i. Calculate the greatest common divisor of f and 32.
16
Let t = 98 - 100. Let z(b) = -b**2 - 5*b - 5. Let s be z(t). Calculate the highest common factor of 5 and s.
1
Let h = -518 + 714. What is the highest common divisor of h and 28?
28
Let d = 22 - -49. Let v = 135 - d. What is the highest common divisor of v and 96?
32
Suppose 2 - 8 = -2*l. Let q be (-63 - -15)*3/(-4). Suppose q = 3*g + l. Calculate the greatest common divisor of g and 88.
11
Suppose -6*w + 3*w + 1371 = 0. Let f = w - 322. Calculate the highest common divisor of f and 15.
15
Let b = 989 + -588. Suppose 3*k = 49 + b. Calculate the greatest common factor of k and 60.
30
Let w be (115/(-92))/(-1 - 3/(-4)). Suppose w*h + 3*k = -0*k + 78, 4*h = -k + 68. What is the greatest common factor of h and 9?
9
Suppose -f - 5*o = -2*f - 8, -3*o = -f - 4. Let g be 112/19 + (-34)/(-323). Suppose 8 = g*c - f*c. Calculate the highest common factor of 2 and c.
2
Let u be (38/(-133))/((-3)/357). Calculate the greatest common factor of 51 and u.
17
Let a be (1 + 5)/(4/6). Calculate the highest common divisor of 171 and a.
9
Let k = 143 + -145. Let a be 3 + 125 + 6 + k. Suppose p + 5*r = -2*p + 36, 0 = 4*r. Calculate the greatest common divisor of p and a.
12
Suppose -5*j - 2*v + 3 = v, -2*j - 2 = 2*v. Let s be (-1)/(2/18*j) + 25. Calculate the greatest common divisor of 55 and s.
11
Let z(p) = p**2 + 6*p - 10. Let f be z(-10). Let i = f - 15. Suppose -3*n - i = -6*n. Calculate the greatest common factor of n and 55.
5
Let k be (-31107)/(-33) + 108/297. What is the highest common divisor of 41 and k?
41
Let a(q) = 12*q**2 - 20*q - 30. Let x be a(10). What is the greatest common factor of 20 and x?
10
Suppose -2*k + 647 = 3*f, -f + 6*f - 969 = -3*k. Let s(j) = 3*j**2 - 11*j + 21. Let m be s(5). What is the greatest common divisor of m and k?
41
Let x(p) = 21*p - 84. Let u be (-216)/(-30) + (-1)/5. Let l be x(u). Calculate the highest common divisor of l and 21.
21
Suppose 0 = 29*m - 5*m - 10368. Calculate the highest common factor of m and 16.
16
Let n be 124 - 59 - 2/((-2)/(-5)). Calculate the greatest common factor of n and 15.
15
Let v(b) = 5*b - 27. Let f be v(17). Calculate the highest common factor of f and 58.
58
Let p(d) be the third derivative of d**5/60 - d**4/12 + d**2. Let f be p(7). Calculate the greatest common factor of f and 7.
7
Suppose 0 = -y + 4*y. Suppose -4*w + 2*w + 2 = y. Let i(a) = 7*a - 2. Let k be i(w). What is the highest common factor of 2 and k?
1
Let k(i) = i**3 - 11*i**2 - 9*i - 17. Let u be k(12). Calculate the greatest common factor of u and 152.
19
Suppose 106 = 6*q - 206. Calculate the greatest common divisor of q and 4.
4
Let c(q) = -q**2 - 2*q + 13. Let p be c(-4)